{"id":8078,"date":"2017-02-14T21:37:13","date_gmt":"2017-02-14T20:37:13","guid":{"rendered":"http:\/\/allgemeinmedizin-schulz.de\/allgemeinmedizin_schulzwp\/?page_id=8078"},"modified":"2019-01-21T22:31:51","modified_gmt":"2019-01-21T21:31:51","slug":"willkommen","status":"publish","type":"page","link":"https:\/\/allgemeinmedizin-schulz.de\/allgemeinmedizin_schulzwp\/","title":{"rendered":"Startseite"},"content":{"rendered":"<div class=\"row \"><div class=\"wpv-grid grid-1-1  wpv-first-level first unextended\" style=\"padding-top:0px;padding-bottom:0px\" id=\"wpv-column-d8a8185ca7efeaa3dd6895b394a29dcf\" ><h4><strong>Herzlich willkommen in der Praxis f\u00fcr Allgemeinmedizin Marcel Schulz.<\/strong><\/h4>\n<p>Die folgenden Seiten sollen Ihnen einen kleinen Einblick in unsere Praxis mit unserem Leistungsspektrum gew\u00e4hren und Sie mit aktuellen Hinweisen und Informationen auf dem Laufenden halten.<\/p>\n<div>\n<p>Von Montag bis Mittwoch und am Freitag von jeweils 8:00 bis 10:00 Uhr sowie am Donnerstag von 14:00 bis 15: 00 Uhr, steht Ihnen die Sprechstunde\u00a0<strong><u>OHNE<\/u><\/strong>\u00a0Termin zur Verf\u00fcgung.<\/p>\n<p>Wiederholungsrezepte k\u00f6nnen Sie gerne telefonisch oder per Email bestellen und am Folgetag bei uns in der Praxis abholen.<\/p>\n<p>F\u00fcr medizinisch notwendige Konsultationen au\u00dferhalb der Sprechzeiten, steht Ihnen der (Kassen-) \u00c4rztliche Bereitschaftsdienst zur Verf\u00fcgung. Die Erreichbarkeiten, k\u00f6nnen Sie auf der rechten Seite unter der Rubrik \u201eNotdienst\u201c entnehmen.<\/p>\n<p>Wir freuen uns auf Ihren Besuch!<\/p>\n<p>Ihr Team der Praxis f\u00fcr Allgemeinmedizin \u2013 Marcel Schulz<\/p>\n<\/div>\n<div class=\"sep\"><\/div><\/div><\/div>\n","protected":false},"excerpt":{"rendered":"<p>Herzlich willkommen in der Praxis f\u00fcr Allgemeinmedizin Marcel Schulz. Die folgenden Seiten sollen Ihnen einen kleinen Einblick in unsere Praxis mit unserem Leistungsspektrum gew\u00e4hren und Sie mit aktuellen Hinweisen und Informationen auf dem Laufenden halten. Von Montag bis Mittwoch und am Freitag von jeweils 8:00 bis 10:00 Uhr sowie am Donnerstag von 14:00 bis 15:&#8230;<\/p>\n","protected":false},"author":1,"featured_media":0,"parent":0,"menu_order":0,"comment_status":"closed","ping_status":"closed","template":"","meta":{"footnotes":""},"class_list":["post-8078","page","type-page","status-publish"],"_links":{"self":[{"href":"https:\/\/allgemeinmedizin-schulz.de\/allgemeinmedizin_schulzwp\/wp-json\/wp\/v2\/pages\/8078","targetHints":{"allow":["GET"]}}],"collection":[{"href":"https:\/\/allgemeinmedizin-schulz.de\/allgemeinmedizin_schulzwp\/wp-json\/wp\/v2\/pages"}],"about":[{"href":"https:\/\/allgemeinmedizin-schulz.de\/allgemeinmedizin_schulzwp\/wp-json\/wp\/v2\/types\/page"}],"author":[{"embeddable":true,"href":"https:\/\/allgemeinmedizin-schulz.de\/allgemeinmedizin_schulzwp\/wp-json\/wp\/v2\/users\/1"}],"replies":[{"embeddable":true,"href":"https:\/\/allgemeinmedizin-schulz.de\/allgemeinmedizin_schulzwp\/wp-json\/wp\/v2\/comments?post=8078"}],"version-history":[{"count":22,"href":"https:\/\/allgemeinmedizin-schulz.de\/allgemeinmedizin_schulzwp\/wp-json\/wp\/v2\/pages\/8078\/revisions"}],"predecessor-version":[{"id":8410,"href":"https:\/\/allgemeinmedizin-schulz.de\/allgemeinmedizin_schulzwp\/wp-json\/wp\/v2\/pages\/8078\/revisions\/8410"}],"wp:attachment":[{"href":"https:\/\/allgemeinmedizin-schulz.de\/allgemeinmedizin_schulzwp\/wp-json\/wp\/v2\/media?parent=8078"}],"curies":[{"name":"wp","href":"https:\/\/api.w.org\/{rel}","templated":true}]}}